(w). Suppose -1 = -s + n. What is the greatest common divisor of 12 and s?
4
Let b = -111 - -401. Let q = -182 + b. Calculate the greatest common divisor of 72 and q.
36
Suppose 4*g = -2*u + 10, 3*g + 4*u - 6 = 2*u. Suppose -4*q - 100 = -2*r, 34 = 5*q + 29. What is the greatest common divisor of g and r?
4
Suppose 5*v - 3*i = 78, -3*v + 0*v + 44 = i. Let w be 101 + (3/(-1) - -7). What is the greatest common factor of w and v?
15
Let k be (-2 + 3)/4*28. Let p(m) = -m**3 + 10*m**2 - 8*m + 7. Let u be p(k). What is the greatest common factor of 14 and u?
14
Let o be (2 - -2)/((-2)/(-2)). Let d(n) = 0 + 7*n - n - 2. Let k be d(1). What is the greatest common factor of k and o?
4
Let l be (0 - -101) + -1 - (-33 + 28). What is the greatest common factor of 21 and l?
21
Suppose -5*v - 5*d = -152 + 12, 0 = -4*d + 20. Let l = -3 + v. Let y = l + 76. Calculate the highest common divisor of y and 24.
24
Suppose 38*w + 29 = 105. Calculate the greatest common divisor of 49 and w.
1
Let y be 11*(-12)/(-16) + (-2)/8. Let x(c) = -c**2 + 12*c + 6. Let k be x(y). Calculate the greatest common divisor of 2 and k.
2
Let s = -6 + 25. Suppose 15*u + 40 = s*u. Suppose 0 = 3*i - 12 - 0. Calculate the highest common divisor of u and i.
2
Let z = 580 + -573. Suppose 5*x - 29 = -2*w + 187, x - 4 = 0. What is the greatest common factor of w and z?
7
Let w(u) = -u + 8. Let l be w(4). What is the greatest common divisor of l and 52?
4
Let b(d) = -6*d + 9*d - 5 - 10*d. Let w be b(-2). Let a(r) = r**2 + 10*r - 12. Let y be a(-13). What is the greatest common factor of y and w?
9
Let g(o) = -o**3 + 29*o**2 - 24*o - 58. Let p be g(28). Calculate the highest common divisor of p and 135.
27
Let u be 52/(-91) - 1299/(-7). Calculate the highest common factor of 5 and u.
5
Suppose 0 = 162*i - 159*i - 36. Calculate the highest common factor of i and 116.
4
Let h = -11 - -14. Suppose -g + 134 = m, 2*m - 1 = h*m. Suppose 4*f - 153 = g. Calculate the highest common factor of f and 48.
24
Let a(o) = -9*o - 9. Let f be a(-6). Let p(y) = y**3 - y - 7. Let j be p(4). Let s = j + -35. What is the greatest common factor of f and s?
9
Suppose -h + 13 = -3*c, -h + 3*h + 4*c + 14 = 0. Let q = 24 + h. Calculate the highest common factor of 100 and q.
25
Suppose 31*p - 38 = 30*p. What is the highest common factor of p and 722?
38
Suppose -84*t = -10*t - 19240. What is the greatest common divisor of t and 8?
4
Suppose -2*g = -1 + 5. Suppose 0 = -t - 0*t + 3. Let q be 0 + (14 - (t + g)). Calculate the highest common factor of 13 and q.
13
Let k be (1/(3 - 1))/(1/84). What is the highest common divisor of 56 and k?
14
Let u(k) be the first derivative of -k**4/2 + 5*k**3/3 + 2*k**2 - 6*k - 27. Let l be u(-3). What is the greatest common factor of 27 and l?
27
Let v(t) = 1170*t**3 - 5*t**2 + 8*t - 3. Let u be v(1). Calculate the highest common divisor of u and 26.
26
Let z(p) = 9*p + 2. Let a be z(4). Let k = 54 - a. Suppose k = -2*q + 52. Calculate the highest common divisor of 9 and q.
9
Suppose -3*j - 2*d = -6*j + 29, 0 = 4*j - 2*d - 38. Let h be 48/(-14)*(-13 + -8). What is the highest common divisor of h and j?
9
Let s = -28 - -84. Calculate the greatest common factor of 952 and s.
56
Let g(v) = 8*v - 2. Let y be g(-3). Let s be ((-3)/6)/(1/y). What is the highest common factor of s and 91?
13
Let r = 75 - 44. Let n(k) be the third derivative of k**5/60 + 31*k**3/2 + 3*k**2. Let p be n(0). Calculate the highest common factor of p and r.
31
Let w(v) = 31*v**3 + v**2 - v. Let z be w(2). Let a = 1497 + -972. Let l = a - z. What is the highest common divisor of l and 25?
25
Let o(w) = -23*w + 3. Let b be o(-4). Suppose -9*y + 14*y = b. What is the greatest common factor of y and 38?
19
Suppose 58*v - 15994 = 21126. Calculate the greatest common factor of 5 and v.
5
Suppose -3*g + 3*a = -2*g - 2, -4*a = -2*g + 8. Let b(d) = d**3 - 8*d**2 + 2*d - 7. Let k be b(g). What is the highest common factor of k and 18?
9
Let z = 1229 - 1219. Let l be (1 + 2)/(1/1). Suppose -5 = -5*x, -4*b - 3*x + l + 8 = 0. What is the greatest common divisor of b and z?
2
Suppose 0 = -5*r, -5*d + 398 = -2*r - 217. Let a = 163 - d. Calculate the highest common factor of a and 5.
5
Suppose 33*c + 40 = 2*m + 29*c, -5*m + 4*c + 82 = 0. Let p = 4 - -3. Calculate the greatest common factor of m and p.
7
Let p = 47 - 30. Suppose -2737 = 100*r - 123*r. Calculate the highest common divisor of p and r.
17
Let g(o) = -o - o**3 - 3 - 2 + 4 + o**2. Let c be g(-1). Let y be ((-434)/147 + (-8)/(-28))*12/(-16). Calculate the greatest common factor of c and y.
2
Let q = 56 - 79. Let r be (-11)/(-88) + q/(-8). Suppose r*p = 23 + 82. What is the greatest common divisor of p and 14?
7
Suppose 60 = 55*i - 53*i. What is the greatest common divisor of 330 and i?
30
Let r = 14 + -13. Let m be 8/2*3/4. Let o = r + m. What is the highest common factor of o and 4?
4
Let a = -57 + 70. Calculate the greatest common factor of a and 13.
13
Let c = 179 + -89. Suppose -c = -9*d + 4*d. Let h = -187 + 214. What is the greatest common divisor of h and d?
9
Suppose 0 = 4*c - h - 42, c - 6 = -191*h + 189*h. What is the greatest common divisor of c and 2350?
10
Let t(b) = 2*b**3 + b**2. Let z be t(2). Suppose -3*o = w - 29, 0 = -10*w + 7*w + 4*o - 17. What is the highest common divisor of w and z?
5
Suppose -20*g = -2*u - 18*g + 50, 4 = 2*g. Let b be (-2)/(2*1/(-36)). What is the greatest common factor of b and u?
9
Let n = 193 + -159. Calculate the highest common divisor of n and 85.
17
Let l be 3*(-4)/(-12)*2. Suppose z + l*z - 3*u = 63, -u = -5. What is the greatest common divisor of 286 and z?
26
Let m = -1055 - -1080. Calculate the greatest common factor of m and 10.
5
Suppose -1003*m = -995*m - 176. What is the highest common factor of m and 649?
11
Let x(r) = 3*r**2 - 2*r. Let i be x(3). Let q be (-42)/(-6)*(5 - (0 - -2)). Calculate the highest common divisor of q and i.
21
Let o(s) = -s**2 + 3*s + 154. Let c be o(-10). Let m be 0 + (0 - 1*-3). What is the greatest common divisor of m and c?
3
Suppose 18*t - 684 = -0*t. Calculate the highest common divisor of 190 and t.
38
Let a(j) = j**2 - 7. Suppose -18*r + 15*r + 15 = 0. Let q be a(r). Calculate the greatest common factor of q and 126.
18
Let x be 35/3 - (-6)/(-9). Let n be (3 + -3)/(3/(-1)). Let z be 2 - (n - -3) - -34. Calculate the highest common divisor of z and x.
11
Suppose 0*n = 4*n - 240. Let k(m) = 3*m**2 + 219*m + 858. Let t be k(-4). What is the greatest common divisor of n and t?
30
Let g = -9 + 24. Suppose 5*b = -g*b + 640. Calculate the highest common factor of 256 and b.
32
Let p(s) = -s**3 + 5*s**2 + 7*s + 5. Let o be p(6). What is the greatest common divisor of 25 and o?
1
Let z = -226 + 76. Let s be 0 - 2 - 4*z/12. Suppose -26 - 28 = -5*y - 3*g, -3*g = -2*y + 30. Calculate the greatest common divisor of y and s.
12
Let n be (330/(-70) - -5) + (-486)/(-14). What is the greatest common factor of n and 55?
5
Suppose 48 + 2 = -s. Let h = s - -51. Calculate the greatest common divisor of h and 4.
1
Let n = -44 - -48. Suppose n*c = 7 + 17. Calculate the greatest common divisor of 54 and c.
6
Let m be (-1)/3*-19 + (-25)/75. Calculate the highest common factor of m and 15.
3
Let i(c) = 5*c**2 - 55*c + 16. Let a be i(11). What is the highest common divisor of a and 944?
16
Let b = -1502 - -1542. Calculate the greatest common divisor of b and 500.
20
Suppose 0 = -3*o - 5*x + 50, -5*x = -0*o - 3*o + 40. Suppose -5*p = -7 + 17. Let n be (-2)/((-444)/(-225) + p). What is the greatest common factor of n and o?
15
Let m(x) = -x**3 + 13*x**2 - 11*x - 9. Let v be m(12). Let r(p) = 8*p - 10. Let u be r(6). Let h = -23 + u. What is the highest common factor of v and h?
3
Let f be 307/2 + (6/(-4))/(-3). Suppose -v - 3*c = v - f, -3*v + 238 = c. Let p(x) = -2*x. Let h be p(-4). Calculate the greatest common divisor of v and h.
8
Let m(q) = q**2 - 8*q - 14. Let t(y) = 5*y - 10. Let b be t(4). Let v be m(b). Suppose 0 = 8*k - v*k - 32. Calculate the highest common divisor of k and 64.
16
Let q be 11/(1090/180 - 6). What is the highest common divisor of q and 132?
66
Suppose -3*u + a = 6*a - 176, -16 = -4*a. Let o = 8 + 5. What is the highest common divisor of u and o?
13
Let o(h) = -9*h - 11. Let w be o(-